ulate the remainder when 33 is divided by (-1)/(-1)*(3 + x).
16
Let c = 53 + -32. Suppose z - c = -5. Calculate the remainder when 29 is divided by z.
13
Suppose -3*k = -5*o - 5, -3*k + 0*o + 4*o = -4. Suppose k = -2*v + 12 + 12. What is the remainder when v is divided by 7?
5
Suppose -2*c = -4*g + 106, 2*g + c - 32 = 19. Calculate the remainder when g is divided by 1*7/(-1 + 2).
5
Let h(k) = 2*k**2 - 9*k - 24. Calculate the remainder when h(-6) is divided by 26.
24
Let z = 8 + 0. What is the remainder when 16 is divided by z - (-1 - (-2 - 1))?
4
Let s = 65 + -23. Let y = -16 + 27. What is the remainder when s is divided by y?
9
Suppose 6*x = 2*x. Suppose x = 2*j - 7*j + 130. What is the remainder when j is divided by 9?
8
Let q(w) = -34*w**3 - w**2 + w - 1. Let o be q(1). Let h be 8/4 + (1 - o). Let f = 53 - h. What is the remainder when f is divided by 8?
7
Suppose -5*o + 7*o - 20 = 0. What is the remainder when 26 is divided by o?
6
Suppose 0*j + 6 = 2*j. What is the remainder when 13 is divided by j?
1
Let n(y) = 51*y + 1. Let x = -112 + 75. Let s = -19 - x. What is the remainder when n(1) is divided by s?
16
Let b(x) = x**3 + 2*x**2 + 2*x + 177. Calculate the remainder when b(0) is divided by 12.
9
Suppose 7 - 31 = -4*i. Calculate the remainder when i is divided by 3.
0
Let h(y) = -y**3 - 9*y**2 - 3*y - 23. Calculate the remainder when 4 is divided by h(-9).
0
Let z(l) = -l**3 - 3*l**2 + l + 1. Calculate the remainder when 49 is divided by z(-4).
10
Suppose 18*n - 156 = 15*n. Calculate the remainder when n is divided by 15.
7
Let j = -59 - -186. Calculate the remainder when j is divided by 33.
28
Let z(t) = -t**3 + 5*t**2 - 3*t - 1. Let j be z(3). Let o = j - 2. What is the remainder when o is divided by 4?
2
Suppose 2*c = -4*u - 0 + 16, 0 = -4*c + 2*u + 62. Let o = -117 - -171. What is the remainder when o is divided by c?
12
Suppose 9*s - 4*s - 375 = -5*n, 2*n + 162 = 2*s. What is the remainder when s is divided by 20?
18
Suppose -3 = 5*s + 12. Let a = s + 7. Let k = -36 - -39. What is the remainder when a is divided by k?
1
Let s = -4 - -6. Suppose -s*p = -2 - 4. Calculate the remainder when ((-14)/p)/(8/(-12)) is divided by 3.
1
Let s = 8 + -10. Let r = s - -6. What is the remainder when 14 is divided by r?
2
Let a = -8 - -11. Calculate the remainder when 4 is divided by a.
1
Suppose 4*b - 72 = -l, -3*b = -b - 4. Suppose -12 = -4*m + 3*f + 67, -4*f + 12 = 0. What is the remainder when l is divided by m?
20
Let v(s) = 3*s - 17. Calculate the remainder when 49 is divided by v(14).
24
Let d = 42 + -28. Calculate the remainder when 55 is divided by d.
13
Let n(y) = y**3 - 7*y**2 + 5*y + 8. Let d be n(6). Let c(b) = -1 + d*b - 2*b + 15*b**2. Calculate the remainder when 27 is divided by c(1).
13
Suppose -383 = -4*j - 3*n, -n - 493 = -5*j - 0*n. Suppose j = 3*l + i, -4*l + l + 92 = -2*i. Calculate the remainder when l is divided by 17.
15
Let n(s) = s**3 - 5*s**2 + s - 8. Let j be n(6). Let m = j + -14. Suppose x = -4 + m. What is the remainder when 46 is divided by x?
14
Suppose -10*s + 30 = -20. What is the remainder when s is divided by 2?
1
Suppose -58*n - 132 = -64*n. What is the remainder when 43 is divided by n?
21
Suppose -42 = -5*b - s + 39, -3*b - 5*s = -31. What is the remainder when 82 is divided by b?
14
Let f = -179 + 292. Suppose 3*n - f = 562. Suppose 0 = 5*u - n + 40. Calculate the remainder when u is divided by 13.
11
Let l be (26 - 2)/(-3) - 0. Calculate the remainder when (-118)/l - 2/(-8) is divided by 8.
7
Let n be (-2)/(-9) - 16/(-9). Let w(x) = -4*x + 2. Calculate the remainder when ((-52)/n)/(-1 - 0) is divided by w(-3).
12
Calculate the remainder when 39 is divided by 1/5 + (-196)/(-20).
9
Let m = 4 - -4. Suppose -3*u + 236 = 5*o, -3*o + 203 - 62 = 2*u. Let b = o - 34. What is the remainder when b is divided by m?
7
Suppose 0*t - 2*t + 6 = 0. Suppose -5*d + 40 = 5*q, -3*q - 37 = -t*d + 5. What is the remainder when 32 is divided by d?
10
Let a be (-4)/(2 + 104/(-50)). Let j = a + -34. Calculate the remainder when 62 is divided by j.
14
Let b = -33 + 15. Let l = -14 - b. What is the remainder when 11 is divided by l?
3
Suppose y - 1 = 5. Let l = 5 + -1. What is the remainder when ((-28)/y)/((-2)/3) is divided by l?
3
Let q = 37 + -54. Let b = -1 - q. What is the remainder when b is divided by 9?
7
Suppose -3*p = 3*z - 36, 5*z + 19 = -6. Let l = -4 - -34. Suppose k - l = -4*k. Calculate the remainder when p is divided by k.
5
Let n(c) = c**3 + c + 66. What is the remainder when n(0) is divided by 23?
20
Let s = -79 - -89. Calculate the remainder when 26 is divided by s.
6
Let v = -11 + 31. What is the remainder when 78 is divided by v?
18
Suppose 2*k - 4*k = -4*m - 28, 4*k - 6 = -2*m. Let l be 15/k + (-2)/(-8). Let u = l + 9. What is the remainder when u is divided by 7?
6
Let l = -46 + 127. Let a(p) = -p**3 + 7*p**2 + 6*p - 14. What is the remainder when l is divided by a(7)?
25
Suppose -4*o + 5*r = -22 - 20, 10 = 2*o + 3*r. Let i = 59 - 29. Calculate the remainder when i is divided by o.
6
Suppose -5*o = -5*a - 2*o + 628, -108 = -a + 5*o. Suppose v = -3*v + a. Let y = v - 19. Calculate the remainder when 37 is divided by y.
11
Let p = -3 + 13. Let d = 142 + -25. What is the remainder when 4/14 + d/7 is divided by p?
7
Let c(r) = -r**3 - r**2 - r + 15. Suppose -4*v - 57 = -3*v. Let u = -30 - v. What is the remainder when u is divided by c(0)?
12
Suppose 0 = -3*q - 8 + 2. Let g(c) = -c**3 + 2*c + 3. Calculate the remainder when g(q) is divided by 4.
3
Let t = 658 - 382. Suppose -d + 167 = 3*o, -4*o - d = 55 - t. What is the remainder when o is divided by 19?
16
Suppose t + 5*p - p + 2 = 0, 0 = 5*p + 15. Calculate the remainder when t is divided by 4.
2
Let u(f) be the second derivative of f**3/2 - f**2/2 + 2*f. What is the remainder when u(4) is divided by 6?
5
Let c be 24/(-14) + (-4)/14. Let u = -2 - c. Suppose 2*i = -u*i + 78. Calculate the remainder when i is divided by 14.
11
Let q(z) = z**2 - 9*z + 12. Let w be q(8). Suppose -118 - 30 = -w*g. What is the remainder when g is divided by 13?
11
Let t(z) = -7*z - 7. Calculate the remainder when 25 is divided by t(-3).
11
Let u(b) be the first derivative of b**4/4 - b**2/2 - 1. Let o(w) be the second derivative of u(w). Calculate the remainder when o(4) is divided by 13.
11
Let c(y) = -y**3 - 5*y**2 + 2*y + 7. Let v be c(-5). Let j be (-213)/12 - v/(-12). Calculate the remainder when -2 + 5*j/(-2) is divided by 15.
13
Suppose 5*p = 3*l + 2*p - 147, -107 = -2*l + 5*p. Calculate the remainder when l is divided by 25.
21
Suppose 0 - 28 = -7*q. Suppose q*a + 33 = 245. Calculate the remainder when a is divided by 14.
11
Suppose -14 = -7*v - 0. Suppose 2*q - 8 = -2*q - 4*s, -q - 5*s = 14. Calculate the remainder when q is divided by v.
0
Suppose -3*c + 3*j + 24 + 60 = 0, 2*c - 61 = -3*j. Calculate the remainder when c is divided by 10.
9
Suppose q - 4*q + 33 = 0. Calculate the remainder when 40 is divided by q.
7
Suppose 5*x - m = 131, -4*x - 3*m + 99 = -21. What is the remainder when 75 is divided by x?
21
Suppose -o = 2*h - 4*o - 5, 0 = -2*h - 5*o + 29. Suppose -4*i + 99 = 19. What is the remainder when i is divided by h?
6
Suppose 5*z - z = 2*l - 20, 20 = -4*z + 4*l. Let p = -5 - z. Suppose p*u + 80 = 2*u. What is the remainder when u is divided by 21?
19
Suppose -w = 4*o - 2 - 0, -78 = -4*w - 2*o. Suppose -2*a = -7*a + 320. Calculate the remainder when a is divided by w.
20
Let i = -73 + 95. Calculate the remainder when 85 is divided by i.
19
Suppose 0 = -m - 2*m + 3*b + 69, -m + 22 = -2*b. Let r = 37 + 34. Calculate the remainder when r is divided by m.
23
Suppose 6*p - 4*p = 4. Suppose -212 = -2*v - j - j, -4*v = p*j - 422. What is the remainder when v is divided by 27?
24
Suppose 2*b - 74 = 5*r - 14, -4*b - 5*r + 60 = 0. Let d = -17 + b. What is the remainder when 3 is divided by d?
0
Let j be ((-30)/(-2) - 1) + 1. Calculate the remainder when (4/(-3))/(6/(-36)) is divided by (j/12)/(2/8).
3
What is the remainder when (7 + 0)*(4 - 125/35) is divided by 2?
1
Suppose w - 5*y - 37 = 0, -3*y = -5*w - 2*y + 185. Suppose -38 - w = -5*s. What is the remainder when s is divided by 9?
6
Let x = 8 + 0. Calculate the remainder when 11 is divided by x.
3
Let v = -890 - -9